 thousands digit of 8659?
8
What is the hundreds digit of 1009?
0
What is the tens digit of 18523?
2
What is the ten thousands digit of 136233?
3
What is the thousands digit of 87795?
7
What is the tens digit of 35513?
1
What is the ten thousands digit of 180669?
8
What is the thousands digit of 33260?
3
What is the hundreds digit of 26339?
3
What is the ten thousands digit of 55161?
5
What is the thousands digit of 48181?
8
What is the hundreds digit of 2627?
6
What is the thousands digit of 1037?
1
What is the thousands digit of 127909?
7
What is the units digit of 25322?
2
What is the thousands digit of 39922?
9
What is the thousands digit of 21742?
1
What is the thousands digit of 8893?
8
What is the hundreds digit of 4123?
1
What is the thousands digit of 97291?
7
What is the units digit of 2852?
2
What is the thousands digit of 1271?
1
What is the units digit of 5285?
5
What is the ten thousands digit of 13003?
1
What is the hundreds digit of 366?
3
What is the units digit of 5856?
6
What is the hundreds digit of 2377?
3
What is the units digit of 3258?
8
What is the hundreds digit of 96359?
3
What is the tens digit of 3778?
7
What is the hundreds digit of 135656?
6
What is the hundreds digit of 44610?
6
What is the thousands digit of 2109?
2
What is the units digit of 1028?
8
What is the thousands digit of 6490?
6
What is the tens digit of 11364?
6
What is the thousands digit of 3853?
3
What is the thousands digit of 1146?
1
What is the units digit of 866?
6
What is the units digit of 2587?
7
What is the thousands digit of 49019?
9
What is the thousands digit of 3229?
3
What is the tens digit of 858?
5
What is the hundreds digit of 2983?
9
What is the units digit of 7?
7
What is the units digit of 4422?
2
What is the units digit of 2479?
9
What is the hundreds digit of 1049?
0
What is the thousands digit of 9018?
9
What is the hundreds digit of 10889?
8
What is the ten thousands digit of 11842?
1
What is the hundreds digit of 654?
6
What is the hundreds digit of 2348?
3
What is the tens digit of 48913?
1
What is the tens digit of 50801?
0
What is the thousands digit of 39043?
9
What is the hundreds digit of 696?
6
What is the units digit of 44?
4
What is the tens digit of 686?
8
What is the hundreds digit of 4794?
7
What is the tens digit of 919?
1
What is the ten thousands digit of 38649?
3
What is the hundreds digit of 2455?
4
What is the hundreds digit of 68161?
1
What is the hundreds digit of 2783?
7
What is the tens digit of 71088?
8
What is the tens digit of 476?
7
What is the hundred thousands digit of 125100?
1
What is the tens digit of 1292?
9
What is the tens digit of 2476?
7
What is the units digit of 8905?
5
What is the tens digit of 810?
1
What is the thousands digit of 7959?
7
What is the ten thousands digit of 21016?
2
What is the hundreds digit of 2066?
0
What is the thousands digit of 3133?
3
What is the units digit of 142356?
6
What is the hundreds digit of 18790?
7
What is the tens digit of 1870?
7
What is the units digit of 65390?
0
What is the tens digit of 78443?
4
What is the units digit of 230?
0
What is the thousands digit of 52265?
2
What is the tens digit of 17250?
5
What is the hundreds digit of 8958?
9
What is the hundreds digit of 628?
6
What is the ten thousands digit of 78286?
7
What is the units digit of 739?
9
What is the tens digit of 14347?
4
What is the hundreds digit of 59699?
6
What is the thousands digit of 35584?
5
What is the hundreds digit of 557?
5
What is the tens digit of 54667?
6
What is the tens digit of 1302?
0
What is the tens digit of 156?
5
What is the thousands digit of 1216?
1
What is the hundreds digit of 900?
9
What is the ten thousands digit of 12127?
1
What is the hundreds digit of 6321?
3
What is the ten thousands digit of 39703?
3
What is the tens digit of 14529?
2
What is the tens digit of 4600?
0
What is the thousands digit of 1166?
1
What is the units digit of 2391?
1
What is the tens digit of 77308?
0
What is the thousands digit of 78879?
8
What is the thousands digit of 8416?
8
What is the tens digit of 71661?
6
What is the tens digit of 475?
7
What is the units digit of 79194?
4
What is the hundreds digit of 3875?
8
What is the units digit of 793?
3
What is the units digit of 196?
6
What is the hundreds digit of 1765?
7
What is the tens digit of 1087?
8
What is the hundreds digit of 969?
9
What is the tens digit of 3660?
6
What is the thousands digit of 6108?
6
What is the tens digit of 739?
3
What is the tens digit of 13079?
7
What is the units digit of 830?
0
What is the units digit of 552?
2
What is the hundreds digit of 41153?
1
What is the tens digit of 745?
4
What is the hundreds digit of 203?
2
What is the units digit of 1742?
2
What is the hundreds digit of 8974?
9
What is the ten thousands digit of 18316?
1
What is the thousands digit of 10347?
0
What is the units digit of 972?
2
What is the units digit of 1672?
2
What is the thousands digit of 36465?
6
What is the units digit of 3104?
4
What is the hundreds digit of 64077?
0
What is the ten thousands digit of 33665?
3
What is the hundreds digit of 20448?
4
What is the hundreds digit of 305?
3
What is the tens digit of 673?
7
What is the tens digit of 1383?
8
What is the hundreds digit of 122?
1
What is the thousands digit of 81243?
1
What is the hundreds digit of 184934?
9
What is the thousands digit of 1624?
1
What is the thousands digit of 1275?
1
What is the units digit of 407?
7
What is the tens digit of 657?
5
What is the tens digit of 7678?
7
What is the tens digit of 1703?
0
What is the hundreds digit of 459?
4
What is the units digit of 504?
4
What is the units digit of 203?
3
What is the units digit of 99158?
8
What is the tens digit of 10603?
0
What is the tens digit of 2628?
2
What is the tens digit of 2576?
7
What is the tens digit of 9824?
2
What is the hundreds digit of 332?
3
What is the units digit of 7694?
4
What is the hundreds digit of 25768?
7
What is the thousands digit of 16954?
6
What is the tens digit of 157964?
6
What is the tens digit of 2303?
0
What is the hundreds digit of 445?
4
What is the thousands digit of 1741?
1
What is the tens digit of 66625?
2
What is the tens digit of 2913?
1
What is the units digit of 244?
4
What is the hundreds digit of 15877?
8
What is the hundreds digit of 10665?
6
What is the thousands digit of 16869?
6
What is the units digit of 1163?
3
What is the units digit of 144581?
1
What is the tens digit of 50095?
9
What is the tens digit of 3053?
5
What is the hundreds digit of 19812?
8
What is the thousands digit of 13477?
3
What is the tens digit of 6486?
8
What is the thousands digit of 1093?
1
What is the thousands digit of 10339?
0
What is the hundreds digit of 2865?
8
What is the units digit of 117333?
3
What is the tens digit of 1497?
9
What is the units digit of 2281?
1
What is the hundreds digit of 35937?
9
What is the units digit of 11840?
0
What is the tens digit of 1820?
2
What is the tens digit of 1269?
6
What is the units digit of 297?
7
What is the hundreds digit of 4340?
3
What is the thousands digit of 13642?
3
What is the tens digit of 43657?
5
What is the thousands digit of 16334?
6
What is the thousands digit of 37892?
7
What is the tens digit of 730?
3
What is the thousands digit of 10829?
0
What is the units digit of 10264?
4
What is the units digit of 693?
3
What is the tens digit of 900?
0
What is the units digit of 7?
7
What is the hundreds digit of 763?
7
What is the units digit of 33482?
2
What is the thousands digit of 1477?
1
What is the tens digit of 702?
0
What is the units digit of 83514?
4
What is the ten thousands digit of 20708?
2
What is the hundreds digit of 58198?
1
What is the ten thousands digit of 19868?
1
What is the hundreds digit of 742?
7
What is the thousands digit of 5966?
5
What is the units digit of 1549?
9
What is the hundreds digit of 16601?
6
What is the tens digit of 706?
0
What is the hundreds digit of 6635?
6
What is the units digit of 332?
2
What is the hundreds digit of 49210?
2
What is the thousands digit of 16507?
6
What is the ten thousands digit of 108405?
0
What is the units digit of 1024?
4
What is the tens digit of 18538?
3
What is the hundreds digit of 5341?
3
What is the tens digit of 10909